{"id":254,"date":"2014-12-10T07:17:49","date_gmt":"2014-12-10T07:17:49","guid":{"rendered":"http:\/\/anpsthemes.com\/constructo\/?page_id=254"},"modified":"2020-04-30T15:27:08","modified_gmt":"2020-04-30T18:27:08","slug":"gerenciamento-de-obras","status":"publish","type":"page","link":"https:\/\/hmtower.com.br\/siteantigo\/gerenciamento-de-obras\/","title":{"rendered":"GERENCIAMENTO DE OBRAS"},"content":{"rendered":"\t\t<div data-elementor-type=\"wp-page\" data-elementor-id=\"254\" class=\"elementor elementor-254\">\n\t\t\t\t\t\t<section class=\"elementor-section elementor-top-section elementor-element elementor-element-73ae0d7e elementor-section-boxed elementor-section-height-default elementor-section-height-default\" data-id=\"73ae0d7e\" data-element_type=\"section\" data-e-type=\"section\">\n\t\t\t\t\t\t<div class=\"elementor-container elementor-column-gap-default\">\n\t\t\t\t\t<div class=\"elementor-column elementor-col-100 elementor-top-column elementor-element elementor-element-1bc386c9\" data-id=\"1bc386c9\" data-element_type=\"column\" data-e-type=\"column\">\n\t\t\t<div class=\"elementor-widget-wrap elementor-element-populated\">\n\t\t\t\t\t\t<div class=\"elementor-element elementor-element-54550c5a elementor-widget elementor-widget-text-editor\" data-id=\"54550c5a\" data-element_type=\"widget\" data-e-type=\"widget\" data-widget_type=\"text-editor.default\">\n\t\t\t\t<div class=\"elementor-widget-container\">\n\t\t\t\t\t\t\t\t\t<p>O Gerenciamento de obras \u00e9 a modalidade de contrato em que ficamos respons\u00e1vel pelo acompanhamento de todas as etapas da constru\u00e7\u00e3o, passando por Projeto, Or\u00e7amento, Acompanhamento, Contrata\u00e7\u00e3o de M\u00e3o-de-obra, Compra de Material, Controle de Qualidade e Responsabilidade t\u00e9cnica. por\u00e9m, os gastos s\u00e3o feitos diretamente em nome do cliente. Garantindo assim menor custo e maior agilidade na execu\u00e7\u00e3o.<\/p><p>O Gerenciamento de Obra consiste em 4 Pilares fundamentais:<\/p><ul><li>\u00a0Planejamento<\/li><li>\u00a0Contrata\u00e7\u00e3o e controles<\/li><li>\u00a0Orienta\u00e7\u00e3o<\/li><li>Responsabilidade T\u00e9cnica<\/li><\/ul><p>Sendo que o contrato de gerenciamento difere da modalidade Empreitada devido a maneira que o contrato \u00e9 formulado. No Gerenciamento, todos os faturamentos s\u00e3o diretos ao cliente final. Na empreitada global, a empresa contratada arca com o onus de Faturamento em seu nome.<\/p><p>No Gerenciamento, encontramos a modalidade de remunera\u00e7\u00e3o por Taxa de Administra\u00e7\u00e3o. No caso em Empreitada global, utilizamos o m\u00e9todo de BDI.<\/p>\t\t\t\t\t\t\t\t<\/div>\n\t\t\t\t<\/div>\n\t\t\t\t\t<\/div>\n\t\t<\/div>\n\t\t\t\t\t<\/div>\n\t\t<\/section>\n\t\t\t\t<\/div>\n\t\t","protected":false},"excerpt":{"rendered":"<p>O Gerenciamento de obras \u00e9 a modalidade de contrato em que ficamos respons\u00e1vel pelo acompanhamento de todas as etapas da constru\u00e7\u00e3o, passando por Projeto, Or\u00e7amento, Acompanhamento, Contrata\u00e7\u00e3o de M\u00e3o-de-obra, Compra de Material, Controle de Qualidade e Responsabilidade t\u00e9cnica. por\u00e9m, os gastos s\u00e3o feitos diretamente em nome do cliente. Garantindo assim menor custo e maior agilidade [&hellip;]<\/p>\n","protected":false},"author":1,"featured_media":2596,"parent":0,"menu_order":0,"comment_status":"open","ping_status":"open","template":"","meta":{"footnotes":""},"class_list":["post-254","page","type-page","status-publish","has-post-thumbnail","hentry"],"rttpg_featured_image_url":{"full":["https:\/\/hmtower.com.br\/siteantigo\/wp-content\/uploads\/2019\/12\/gestao_projetos-scaled.jpg",2560,1708,false],"landscape":["https:\/\/hmtower.com.br\/siteantigo\/wp-content\/uploads\/2019\/12\/gestao_projetos-scaled.jpg",2560,1708,false],"portraits":["https:\/\/hmtower.com.br\/siteantigo\/wp-content\/uploads\/2019\/12\/gestao_projetos-scaled.jpg",2560,1708,false],"thumbnail":["https:\/\/hmtower.com.br\/siteantigo\/wp-content\/uploads\/2019\/12\/gestao_projetos-150x150.jpg",150,150,true],"medium":["https:\/\/hmtower.com.br\/siteantigo\/wp-content\/uploads\/2019\/12\/gestao_projetos-300x200.jpg",300,200,true],"large":["https:\/\/hmtower.com.br\/siteantigo\/wp-content\/uploads\/2019\/12\/gestao_projetos-1024x683.jpg",1024,683,true],"1536x1536":["https:\/\/hmtower.com.br\/siteantigo\/wp-content\/uploads\/2019\/12\/gestao_projetos-1536x1025.jpg",1536,1025,true],"2048x2048":["https:\/\/hmtower.com.br\/siteantigo\/wp-content\/uploads\/2019\/12\/gestao_projetos-2048x1367.jpg",2048,1367,true],"mailpoet_newsletter_max":["https:\/\/hmtower.com.br\/siteantigo\/wp-content\/uploads\/2019\/12\/gestao_projetos-scaled.jpg",1320,881,false]},"rttpg_author":{"display_name":"","author_link":"https:\/\/hmtower.com.br\/siteantigo\/author\/"},"rttpg_comment":0,"rttpg_category":null,"rttpg_excerpt":"O Gerenciamento de obras \u00e9 a modalidade de contrato em que ficamos respons\u00e1vel pelo acompanhamento de todas as etapas da constru\u00e7\u00e3o, passando por Projeto, Or\u00e7amento, Acompanhamento, Contrata\u00e7\u00e3o de M\u00e3o-de-obra, Compra de Material, Controle de Qualidade e Responsabilidade t\u00e9cnica. por\u00e9m, os gastos s\u00e3o feitos diretamente em nome do cliente. Garantindo assim menor custo e maior agilidade&hellip;","_links":{"self":[{"href":"https:\/\/hmtower.com.br\/siteantigo\/wp-json\/wp\/v2\/pages\/254","targetHints":{"allow":["GET"]}}],"collection":[{"href":"https:\/\/hmtower.com.br\/siteantigo\/wp-json\/wp\/v2\/pages"}],"about":[{"href":"https:\/\/hmtower.com.br\/siteantigo\/wp-json\/wp\/v2\/types\/page"}],"author":[{"embeddable":true,"href":"https:\/\/hmtower.com.br\/siteantigo\/wp-json\/wp\/v2\/users\/1"}],"replies":[{"embeddable":true,"href":"https:\/\/hmtower.com.br\/siteantigo\/wp-json\/wp\/v2\/comments?post=254"}],"version-history":[{"count":0,"href":"https:\/\/hmtower.com.br\/siteantigo\/wp-json\/wp\/v2\/pages\/254\/revisions"}],"wp:featuredmedia":[{"embeddable":true,"href":"https:\/\/hmtower.com.br\/siteantigo\/wp-json\/wp\/v2\/media\/2596"}],"wp:attachment":[{"href":"https:\/\/hmtower.com.br\/siteantigo\/wp-json\/wp\/v2\/media?parent=254"}],"curies":[{"name":"wp","href":"https:\/\/api.w.org\/{rel}","templated":true}]}}